of u(6)?
6
Suppose -o = 5*c - 7705, 2*o + 5*c = 7*c + 15434. What is the units digit of o?
5
Let w = -13151 + 15208. What is the tens digit of w?
5
Let b be 0/((-5)/(5/2)). Suppose b = 2*j - 4*j + 30. Suppose -j*p + 105 = -14*p. What is the tens digit of p?
0
Suppose -2*c + 3363 = -2237 - 11456. What is the tens digit of c?
2
Let a = -3876 + 7514. What is the units digit of a?
8
Let n = -78 + -920. Let w = 1637 + n. What is the units digit of w?
9
Let k be (5 - 3) + -1 + -580. Let m = -413 - k. What is the units digit of (-1)/(-6) + m/12?
4
Suppose 0 = -30*i + 34*i - 4, -3*u - 3*i = -975. What is the hundreds digit of u?
3
What is the hundreds digit of 1/((-77)/90607*4/(-28))?
2
Let f(a) = 4*a**2 - 5*a + 9. Let h(m) = 9*m**2 - 9*m + 17. Let p(g) = -7*f(g) + 3*h(g). Let s be p(5). Suppose 448 = s*z + 124. What is the tens digit of z?
0
Let k(n) = -132*n + 7. Suppose 3*g - 98 - 180 = -2*c, 4*c = 4. Let i = -94 + g. What is the tens digit of k(i)?
7
What is the units digit of 12/54 - 411515/(-45)?
5
Suppose 28*l = -10*l - 3306. Let m = -247 - -120. Let z = l - m. What is the units digit of z?
0
Suppose -2*i + 22*v = 25*v - 5430, v = 2*i - 5414. What is the thousands digit of i?
2
Let k(c) = 279*c - 678. What is the hundreds digit of k(16)?
7
Let n = 14225 - -8539. What is the units digit of n?
4
Suppose 0 = -12*g + 20 - 32, -m + 26556 = 5*g. What is the units digit of m?
1
Let h(q) = 110*q**2 - 65*q - 33. What is the units digit of h(6)?
7
Let v = -6 - -4. Suppose 4*k + 2*f - 4 = 0, -7*k + 9*k - 5*f - 38 = 0. What is the units digit of ((12/(-5))/k)/(v/70)?
1
Let q = -12264 + 33768. What is the units digit of q?
4
Suppose -10*j + 13*j - 55244 = -4*j. What is the tens digit of j?
9
Let x be (-2 + -29)*(-1 + 4). Let t = 9143 + -9114. Let d = t - x. What is the tens digit of d?
2
Let r be (30/(-5))/((-2)/549). Suppose 0 = -14*h + r - 583. What is the tens digit of h?
7
Suppose 0 = 6*i + 15*i - 29*i + 429856. What is the hundreds digit of i?
7
Let a be 202 + ((-629)/136 - 6/16). Let i = -170 + a. What is the tens digit of i?
2
Let l = 62217 + -42699. What is the tens digit of l?
1
What is the ten thousands digit of (-30444821)/(-403) + 12/(-26)?
7
Suppose -15*p + 12*p + 357 = 0. Let l = 506 + p. What is the tens digit of l?
2
Suppose -4*a + i + 186 = -a, 311 = 5*a - 2*i. Suppose -a + 9 = -4*n. Suppose -k = -n*k + 2196. What is the tens digit of k?
8
Let l(w) = -10*w**3 + 2*w + 4. Let f be l(-2). Suppose 3*v - 80 + f = 0. Suppose 0*a = -2*a - 3*d + 392, 2*d + 4 = v. What is the tens digit of a?
9
Suppose 0 = l - 5*h + 18, -l + 5*h - 27 = 3*l. Let m be 2 + 0/(1*(l + 4)). What is the tens digit of (m/14 - 3771/(-63)) + -1?
5
Suppose 12597*c - 17248 = 12593*c. What is the tens digit of c?
1
Let b(d) = -d**3 - 6*d**2 - 5. Let o be -4 + 11/(-6) + 1/(-6). Let u be b(o). Let x = u + 14. What is the units digit of x?
9
Suppose -11 + 23 = 3*r. Let p be (r/(-10))/((-6)/30). Suppose -58 = -l - 5*z, -p*l + 33 + 83 = 5*z. What is the tens digit of l?
5
Suppose -3141 = -18*z + 70371. What is the hundreds digit of z?
0
Let r be -4 + 6 - 13 - -1. Let l = -12 - r. What is the tens digit of 355/10 - (-1 - -2)/l?
3
Let c(b) = 907*b**2 - 299*b - 1769. What is the ten thousands digit of c(-6)?
3
Let v = -363 - -367. Suppose v*a + 77 + 248 = q, -635 = -2*q + 5*a. What is the units digit of q?
5
Suppose 0 = 2*h - 4*h + 130. Let m be (-3 + 156/72)*-174. Let f = m - h. What is the units digit of f?
0
Let q be ((-20)/(-45)*3)/((-2)/(-6)). Suppose -2 + 14 = q*k. Suppose 2 = 2*i - 0*i, 4*d = -k*i + 319. What is the tens digit of d?
7
Suppose z - 10 = -4. Let c(d) = 6 + 13*d - 20 + 15. What is the tens digit of c(z)?
7
Let l = 13657 - -44649. What is the hundreds digit of l?
3
Let b = 5 + 14. Suppose 0 = 4*g - g + 2*w + 28, -4*g = -w + b. What is the tens digit of (-5)/((-1*g/(-87))/2)?
4
Let f(x) = 0 - 2 + 9 - 3*x + 8*x. Let w be f(5). What is the tens digit of 6*1/6*w?
3
Let w(h) = -554 + 556 + 6*h + h. Let j be w(-1). What is the tens digit of (138 + 5 - j) + -1*3?
4
Suppose 2*n + 11 = 1, 195 = -5*q + 3*n. Let c = q - -52. Suppose 21 = c*r - 1399. What is the hundreds digit of r?
1
Let m(y) = 30*y**2 - 3*y + 3. Let u be m(6). Suppose -5*l = -0*l - u. Suppose 2*v - l - 19 = 0. What is the units digit of v?
6
Let y(f) = -36*f**3 + 2*f**2 - 2*f - 7. Let r(s) = -s**2 - 1. Let c(b) = r(b) + y(b). What is the units digit of c(-2)?
8
Let s be ((-2)/(-2))/(1/3) + -1. Suppose -j = -5*v - 159, 0 = j - v - s*v - 165. What is the tens digit of j?
7
Suppose 0 = 2*x + 2*x + 4*j - 8, x + 2*j = -1. Suppose -5*f + 510 = -x*m, -3*f = 2*m - f + 200. Let c = 210 + m. What is the tens digit of c?
0
Suppose 208 = 7*t + 138. Let w(b) = 16*b + 22. What is the units digit of w(t)?
2
What is the tens digit of 8/(-20)*1 - (-18468621)/515?
6
What is the thousands digit of (-17)/(-1) - 582582/(-66)?
8
Let z(f) = 24*f**2 - 4*f - 564. What is the hundreds digit of z(22)?
9
What is the thousands digit of ((-3)/(-9))/((-86)/(-1254654))?
4
Suppose 33*h - 29*h = 0, 3*h - 4 = -2*o. Suppose 4*p = 3 - 59. What is the units digit of -2 - (o/(-4) - (-511)/p)?
5
Let o(s) = 2329*s - 12. Let k be o(-2). Let c = -2864 - k. Suppose -9*g = -57 - c. What is the tens digit of g?
0
Let a(o) = 14*o**2 + 101*o + 3062. What is the units digit of a(-25)?
7
Let l(r) = 13*r**2 + 323*r + 41. What is the hundreds digit of l(35)?
2
Let u = -38 + 92. Let f = 54 - u. Suppose f = 61*k - 68*k + 532. What is the tens digit of k?
7
Let b = -96 - -186. Suppose -2*a = -7*a + b. What is the tens digit of 3/a*6 + 208*1?
0
Let x = 377 - 363. Suppose 23*l + x*l = 22866. What is the units digit of l?
8
Let k be -6*4*4/16. Let v(h) be the third derivative of -h**4/24 + 17*h**3/6 - h**2. What is the tens digit of v(k)?
2
Let h = 649 - 644. Suppose 0 = h*n - 5867 - 583. What is the hundreds digit of n?
2
Let v be (-2)/(-4) + (-3)/2. Let h(m) = -82*m + 3 - 3. What is the units digit of h(v)?
2
Let n = -501 + 734. Let l = -114 + n. What is the hundreds digit of l?
1
Suppose 12*q - k = 13*q - 5, -4*q - 5*k = -23. Suppose 0 = q*d - 4*d - m + 710, 2*d = -2*m + 708. What is the tens digit of d?
5
Suppose -20*z - 2*t = -19*z - 23477, z = -7*t + 23442. What is the hundreds digit of z?
4
Let x = -309 + 314. Suppose -o - 4*s + 508 = 0, -50*o + 53*o - 1496 = -x*s. What is the units digit of o?
2
Let l(o) = 15*o**2 + 86*o - 857. What is the thousands digit of l(9)?
1
Let a(z) = -2*z**3 - z**2 + 4*z + 2. Let m be a(-4). Let h be 6/(-2) + m + 2. Let f = 149 - h. What is the tens digit of f?
5
Let z(g) = -3*g + 14. Let c be z(-2). Suppose -1264 - 1336 = -c*x. What is the units digit of x?
0
Let a(m) = 3*m**2 + 27*m + 59. Let b be a(-8). What is the tens digit of 321 - (b/(-11) + 10/55)?
2
What is the units digit of 3913892/87 - 2/(-29) - (-2)/(-6)?
7
Suppose 11*m + 15*m + 572 = 0. What is the units digit of m/(-55) - (1 - 2458/5)?
1
Let w be (-84)/(-16)*((-40)/(-3))/(-5). Let y(l) = -l**2 - 16*l + 4. Let u be y(w). Let c = u + 30. What is the units digit of c?
2
Let j = 1165 - 375. Suppose 0 = -3*i + 4*k + j, -2*i + 5*k - 3*k = -528. What is the units digit of i?
6
Suppose -4*t = 5*z - 19568, -2*z + 7826 = -6*t + 7*t. Suppose -112*p = -108*p - z. What is the units digit of p?
8
Let t(n) = 317*n**2 - 2. Let v be t(-1). Let u be (17160/14)/2 - (-45)/v. Suppose 0 = -2*q + 3*b + u, 6*q - q = 2*b + 1505. What is the units digit of q?
9
Let a(q) be the second derivative of 17*q**4/3 - 2*q**3/3 + 4*q**2 + 11*q + 1. What is the hundreds digit of a(2)?
2
Suppose 0 = a + 5*j - 58, a + 4*a = j + 394. Suppose 11*m - a = 8*m. What is the tens digit of m?
2
Suppose 0 = 200*t - 2*t + 97*t - 3169480. What is the units digit of t?
4
Let q(h) = 11079*h**2 + 2308*h - 2309. What is the units digit of q(1)?
8
Let p be (-8672)/(-8)*2*2/4. Let v = p + -713. Let m = v - 197. What is the tens digit of m?
7
Suppose 0 = -5*q + q - 5*k + 1587, -3*q + 5*k = -1234. Let h be q + 3/3*10/(-5). Suppose 0 = j + 2*a - 207, 4*a - h = -3*j + 222. What is the units digit of j?
9
Let n = -6 + 42. Suppose -32*r - 1052 = -n*r. Suppose -7*x = -r - 311. What is the units digit of x?
2
Let t = 66199 - 33028. What is the tens digit of t?
7
What is the hundreds digit of 9 + 1613 + 8 - 0?
6
Suppose 129*l -